*q**2 - 9*q + 10. Let w be t(k). What is the greatest common factor of w and 20?
20
Let s be (-18)/(-4) - 2/(-4). Suppose s*h = -14 - 61. Let v be (10/h)/(2/(-15)). What is the greatest common divisor of 15 and v?
5
Suppose -o = -16 + 3. Suppose -3*w + o = 4. Let q = w - -11. What is the greatest common divisor of q and 28?
14
Suppose -17*m = -20*m + 42. Suppose 4*z + x - 182 = -m, -3*z + 5*x = -126. Calculate the greatest common factor of 7 and z.
7
Suppose 4*a + 28 = -x, 4*a + 7 = 3*a - 4*x. Let s(y) = y**2 + 4*y - 1. Let w be s(a). What is the highest common divisor of 50 and w?
10
Suppose -20 - 10 = 3*s. Let o be (-2)/s + 32/(-10). Let l be (-31)/o - (-4)/6. Calculate the highest common divisor of 11 and l.
11
Let h(t) = -t**3 - 4*t**2 - 3*t + 8. Let u be h(-4). Calculate the greatest common divisor of u and 40.
20
Suppose 0*k + 2*k - 154 = 0. Suppose 20 = 4*i - 112. Suppose i = 3*j - 0*j. What is the greatest common factor of j and k?
11
Let w(r) = 9*r**3 + 2*r**2 - 1. Let k be w(1). What is the highest common divisor of 20 and k?
10
Let d = 27 + -12. What is the highest common divisor of d and 10?
5
Let t(r) = 123 + 42 + 0*r + r. Let f = 4 + -4. Let d be t(f). Calculate the highest common divisor of 15 and d.
15
Suppose -2*h = 2*h - 12. Let i be 691/h + 6/9. Let v = i - 159. What is the greatest common factor of v and 8?
8
Suppose 6*p - 44 = 5*p. Let i = 68 - p. Suppose -i = 2*v - 5*v. Calculate the highest common divisor of 24 and v.
8
Let c be (-4)/(-6)*(1 - -167). What is the greatest common factor of 14 and c?
14
Let g = 7 + 9. Suppose -20 = -3*x - 5, -2*o + 2*x + 150 = 0. Calculate the highest common divisor of o and g.
16
Suppose 0 = 3*x - 8*x + 120. Let a be (15/(-9))/((-2)/x). Calculate the greatest common divisor of a and 30.
10
Let r(y) = -y**2 + 7*y + 6. Let t be r(6). Suppose 4*s - 2*x = 128, 4*s = 2*s - 5*x + 40. What is the highest common factor of t and s?
6
Let y be (-7)/1*(-24)/28. Let r be (8/y)/((-1)/(-27)). What is the highest common factor of r and 12?
12
Let a(j) = j + 39. Let t be a(-15). What is the greatest common factor of 108 and t?
12
Suppose -3*v + 2*v = -80. Suppose 40 = -4*n - 8. Let m = n - -44. Calculate the greatest common factor of m and v.
16
Let h = -62 - -80. Let g(z) = 3*z**2 - 4*z - 6. Let c(m) = -m**2 + 5*m - 6. Let w be c(5). Let d be g(w). What is the greatest common divisor of h and d?
18
Suppose -4*l - 4*z = -8*z - 80, 2*l = -2*z + 28. Calculate the highest common factor of 51 and l.
17
Let n(h) = h**2 + 3*h - 3. Let t be n(-5). Suppose -5*q = -5*j + 110, 0 = j + q - 2 - 18. Calculate the greatest common divisor of t and j.
7
Suppose -2*c - 37 = -5*g + 37, 4*g - 62 = 3*c. Suppose 2 = 4*w - 6. Suppose -86 = -3*v - w. What is the greatest common factor of g and v?
14
Let r = 0 + 14. Calculate the highest common factor of 42 and r.
14
Suppose 0 = 5*o - 10, -3*t - 3*o = -55 - 182. Calculate the highest common divisor of 7 and t.
7
Suppose 5*i - 3*m - 1 = 0, 3*i - 21 = -3*m - 2*m. Let z be (1 - i)/(1/(-9)). What is the highest common divisor of 99 and z?
9
Suppose 5*z - 263 = -5*i + 117, z = -2*i + 148. Calculate the highest common factor of 180 and i.
36
Let u = -8 - -12. Suppose -2*j = u*o + 14, -4*j - 18 = 5*o + 4. Let x = 5 + o. What is the greatest common factor of 9 and x?
3
Let p = 93 + -260. Let r = -87 - p. Suppose r = 6*y - y. What is the highest common factor of 2 and y?
2
Suppose 4 = i, -2*z + 57 = -z - 5*i. Suppose -9 - 3 = 2*m + 5*n, 5*m = n - 3. Let h be (m/3)/(1/(-33)). Calculate the greatest common factor of z and h.
11
Let f = 150 - 114. What is the highest common divisor of 48 and f?
12
Let l(v) = 2*v + 34. Let z be l(10). Calculate the highest common divisor of 18 and z.
18
Suppose -55 = -5*v - 2*s + 4, -5*s + 11 = 2*v. What is the greatest common factor of 65 and v?
13
Let h be 8/12*(-5 + 2). Let g = h + 11. What is the greatest common divisor of 1 and g?
1
Let q(g) = -g**2 - 10*g + 26. Let i be q(-11). What is the greatest common factor of 90 and i?
15
Suppose 0 = -4*a + r - 3, 6*r + 5 = r. Let c(k) = 8*k. Let i be c(a). Let v be (4 + -6)/(2/i). Calculate the greatest common factor of v and 8.
8
Suppose -5*z = -51 - 54. What is the highest common factor of 3 and z?
3
Suppose s = 13 + 52. Let b = -2 - -6. Suppose -m - 55 = -3*i, 2*i + m - s = -b*m. What is the highest common divisor of 8 and i?
4
Let k(a) = -a**3 + 5*a**2 + 7*a - 3. Let t be k(6). Suppose 5*u - 4*u - t = 0. What is the greatest common factor of 12 and u?
3
Suppose 4 = 2*n + 14. Let x = 7 + n. Let c be (1 - 13)*4/(-6). Calculate the highest common divisor of c and x.
2
Let q be (3 + 7/(-2))/(2/(-44)). Let u be (2 - -120)/1 + -1. What is the greatest common factor of u and q?
11
Let f be ((-2)/(-4))/(6/60). What is the greatest common divisor of f and 55?
5
Suppose 4*t = j - 3*j + 28, 2*j = -2*t + 32. Calculate the highest common divisor of j and 6.
6
Let o(d) = 6*d**2 - 2*d - 4. Let n be o(-3). Suppose -n = -5*m + 54. Calculate the highest common divisor of m and 33.
11
Suppose -2*c = 3*v - 33, c - 48 = 3*v - 18. Let n = -20 - -34. What is the highest common divisor of c and n?
7
Let n = -1 + 1. Suppose -5*k = -k - 3*o - 993, -1250 = -5*k + 2*o. Suppose n = 2*q - 0*q - k. Calculate the greatest common factor of q and 14.
14
Suppose 8*r - 153 = -41. Let t = 9 + 5. Calculate the greatest common divisor of r and t.
14
Suppose 0 = -13*s + 7*s + 288. Calculate the highest common factor of 16 and s.
16
Suppose 5*m - 19 = -3*x, x = 4*m - 4 - 1. Let j(r) = 9*r**2 - 1. Let c be j(x). Let z = 16 - 0. What is the highest common factor of c and z?
16
Let c(l) = 5*l - 1. Let f(r) = -6*r. Let h(y) = 3*c(y) + 2*f(y). Let k be h(4). Calculate the highest common factor of 9 and k.
9
Suppose 2*u + i = -0*i + 7, 2*u - 3*i = 3. Suppose x = -u, -n + 0*x = 4*x. Let z be (6 + 3)*32/6. What is the highest common divisor of n and z?
12
Suppose -3*p = -7*p + 320. Suppose -4*r = -0*r - p. Calculate the highest common divisor of r and 30.
10
Let b(x) = -3*x**2 - x + 28 + 4*x**2 - 2*x**2. Let j be b(0). Let p = 94 - 24. What is the highest common divisor of j and p?
14
Let v be 9/(-6)*16/(-6). Suppose w + v*y = 5, w + 2 + 0 = 3*y. Let h be 28*3/4*w. What is the greatest common factor of h and 7?
7
Suppose -13 = -3*t - 4. What is the greatest common divisor of 12 and t?
3
Let r(o) = 20*o**2 + o. Let s be r(1). Let y = 44 + -74. Let h be (y/s)/((-1)/7). Calculate the highest common divisor of 50 and h.
10
Let h = -130 + 216. Let f be (-6)/(-27) + h/18. Let d(l) = 15*l + 5. Let n be d(f). Calculate the greatest common divisor of n and 10.
10
Let c(q) = -2*q**2 + 7*q. Let u be c(5). Let i be 3 + u/((-1)/1). What is the highest common factor of 2 and i?
2
Let y be 9*2 + (-54)/18. Let o(x) = -x**2 - x - 1. Let g be o(-3). Let m(t) = t + 12. Let a be m(g). Calculate the highest common divisor of a and y.
5
Let n(d) = -d - 7. Let o be n(-10). Suppose 0 = -2*f - o*f - 20. Let j = 10 + f. Calculate the highest common factor of 18 and j.
6
Suppose -27 + 11 = 2*q. Let u = q - -50. What is the highest common divisor of 21 and u?
21
Let q(b) = -b**3 - 7*b**2 - 2*b - 9. Let m be q(-7). Suppose 30 = m*u - 2*u. What is the greatest common factor of 50 and u?
10
Let t(q) = q**2 + 3*q + 5. Let m(j) = j**2 - 10*j + 3. Let w be m(9). Let y be t(w). What is the greatest common divisor of 161 and y?
23
Let z(x) = x**2 - 7*x - 7. Let p be z(8). Suppose 0 = 2*n - y - 5, -2*y - 3*y = 15. Calculate the highest common factor of n and p.
1
Suppose -4*f = -5*w - 55, 0 = f - 3*w + 7*w - 40. What is the greatest common factor of 300 and f?
20
Suppose 0 = 3*f - l - 22, -5*l = 5*f - 2*l - 60. Calculate the highest common divisor of 45 and f.
9
Let x be (2 - 3)*(1 - -38). Let i = x - -72. Let g = -26 - -48. What is the greatest common factor of g and i?
11
Suppose 2*h = -0*g + 5*g + 39, -2*h + g + 19 = 0. Let y = h - 11. Let o(z) = z**2 - z + 5. Let l be o(y). Calculate the highest common divisor of 10 and l.
5
Let l be 4*3*1/4. Suppose -4*p = -33 - l. What is the greatest common factor of p and 3?
3
Let a be (-47)/(-3) - 2/3. Suppose 14 = -4*j - 10. Let w be (-14)/j - (-12)/18. What is the highest common factor of w and a?
3
Let m(n) = -10*n**2 - 4*n + 5 - 1 + 14*n**2 